(g) = -1524*g**2 - 10661*g + 59. Let i be t(-7). Let x = 423 + -193. What is the greatest common divisor of i and x?
10
Suppose 0 = 30*m - 14044 - 356. Let d be (-30)/8*(14 - 10)*-4. Calculate the greatest common divisor of m and d.
60
Suppose -3*r - 91251 = -52*r + 24683. What is the highest common divisor of r and 364?
182
Suppose -22*c = -3*c - 76. Suppose -5*b + 4 = -6. Suppose b*w - 6*w + 4*x = -48, -2 = x. What is the greatest common divisor of c and w?
2
Let c be (30/(-2))/((-21)/(-14)). Let a be ((-8)/c)/((-8)/(-240)). Let t be 6/(-8)*a/(-9). Calculate the highest common divisor of 5 and t.
1
Suppose 2*z - 12 = 5*m - 627, 3*m - 4*z = 369. Calculate the highest common factor of 3321 and m.
123
Let q(a) = a**2 - 19*a - 59. Let o be q(23). Calculate the greatest common divisor of 2992 and o.
11
Let p(i) = -3*i**3 - 6*i + 5 + 0 - 1 - 6*i**2 - 5. Let h be p(-3). Let t = -26 + h. Calculate the highest common factor of t and 144.
18
Suppose 2*h = -0*h - 2*y + 82, -5*h - 2*y + 196 = 0. Let v = 1985 - 1966. What is the highest common divisor of v and h?
19
Suppose 16636 = 10*q + 346. What is the highest common factor of 181 and q?
181
Let v be ((8 + 4)/2)/6. Let w be v/((-837)/(-414) - 2). What is the greatest common factor of 2 and w?
2
Let f(w) = w**2 + 4*w - 5. Let v be f(-11). Suppose o - v = -3*o. Let d(l) = l**2 + 4*l - 78. Let q be d(8). Calculate the highest common divisor of q and o.
18
Let v = 82 + -52. Let t = 441 - 441. Suppose 3*c + 9 = 6*c, t = -2*h - 3*c + 21. Calculate the highest common factor of h and v.
6
Let d(a) = -a**3 + 2*a**2 + a + 24. Let o be 0/((-12)/(-9)*(-54)/(-24)). Let r be d(o). Calculate the highest common factor of 48 and r.
24
Suppose 6*u = 14*u - 408. Let y(j) = 2*j**3 + 23*j**2 + 15*j + 50. Let i be y(-11). What is the highest common divisor of u and i?
3
Let r be 54/4 + (-1)/2. Suppose -22*q - 2*h = -21*q - 244, h = 5*q - 1165. Suppose -134*b + 136*b = q. What is the greatest common factor of r and b?
13
Let z(u) = -42*u - 120. Let q be z(-3). Let d(s) = s**2 - 18*s + 82. Let w be d(q). Calculate the highest common divisor of 810 and w.
10
Let i = 13 - -158. Suppose -i = -8*u - u. Let g be 40/220 + ((-5844)/(-22))/2. What is the greatest common factor of u and g?
19
Let d = -44 + 86. Suppose -8*f = -6*f - d. Suppose -285 = 16*s - f*s. Calculate the highest common factor of s and 3.
3
Let s(o) = -31*o + 2. Let z be s(-3). Suppose -5*p = -10*p + z. Let m = -128 - -223. Calculate the greatest common divisor of m and p.
19
Let x = 123 - 118. Suppose -x*o = -2*o + 2*z - 12, 3*o - 2*z - 12 = 0. Calculate the highest common factor of o and 36.
4
Let u(r) = -r**2 + 14*r. Let f be u(15). Let i be ((-35)/f)/((14/108)/7). What is the highest common divisor of i and 18?
18
Let o(r) = -r**3 - 51*r**2 - 108*r + 264. Let i be o(-49). Calculate the greatest common factor of 174 and i.
58
Suppose 4*r - 5*m + 32 = 0, -5*m - 14 = r + 19. Let g be (r - -14)/((-2)/(-24)). What is the highest common factor of 28 and g?
4
Suppose 5*t + 3*r = 655 + 665, 3*t = 3*r + 792. What is the highest common factor of t and 429?
33
Let c be (-17)/(-4) + 69/92. Let n(q) = 3*q + 13. Let x be n(c). Let v be 424/6 + 2/(-3). Calculate the highest common factor of x and v.
14
Suppose 2*m + 91 = w - 139, -3*w = 3*m + 327. Let u = m + 162. Let h(s) = 83*s + 173. Let i be h(-2). Calculate the highest common factor of i and u.
7
Suppose 201*c - 212*c = -123200. Calculate the highest common divisor of c and 35.
35
Let n = 6848 + -2430. Calculate the greatest common factor of n and 47.
47
Let b = 32 - 22. Suppose -276 = -6*y + b*y. Let k = y - -97. Calculate the highest common divisor of k and 308.
28
Suppose 88 = 5*a - p, -3*p + 60 = 3*a - 0*a. Let m(g) = -g**2 + 11*g - 15. Let t be m(12). Let b be 48/9*t/(-6). What is the highest common divisor of b and a?
6
Let s(h) = 171*h - 1016. Let n be s(6). What is the greatest common divisor of n and 1010?
10
Let w(g) be the first derivative of -17*g**2 - 112*g + 30. Let j be w(-14). What is the greatest common divisor of 104 and j?
52
Let u = 75 + -72. Suppose -5*m - u*n - 549 = 0, 2*m = -2*m + 3*n - 423. Let d = m - -225. Calculate the greatest common factor of d and 78.
39
Let s be ((-18)/(180/(-20)))/((-2)/(-140)). What is the highest common divisor of 65 and s?
5
Suppose 2*x + 2*x = -3*c - 13, -x = 3*c + 1. Let k be (3 + -4)/(c/(-9)). Let m be (-12)/k*6/(-2). Calculate the greatest common divisor of 10 and m.
2
Let x be ((-17)/68)/(8/(-88160)). What is the highest common factor of x and 435?
145
Suppose -8*f + 265 = 17. Suppose 7 + f = 2*n - 3*y, -y = 4. Let z = n - -47. Calculate the highest common factor of z and 5.
5
Let j = 327 - 324. Suppose -5*r + m + 263 = 0, -m + 257 = -j*r + 8*r. Calculate the greatest common divisor of 1 and r.
1
Let d = -104 - -73. Let n = -11 - d. Let g be (-15)/(-12)*-4*(-60)/6. What is the greatest common divisor of g and n?
10
Let w = 1592 - 1538. Calculate the highest common factor of 297 and w.
27
Suppose -32 = -5*j + 53. Let c(s) = 4*s - 54. Let k be c(j). Calculate the greatest common divisor of 112 and k.
14
Let s be (-3)/(-5 - 1) - 1805/(-10). What is the highest common divisor of s and 22625?
181
Let q = 436 - 283. Suppose -106*a + 105*a + 45 = 3*r, 54 = 4*a - 2*r. Calculate the highest common divisor of q and a.
9
Let n = -5419 - -5451. What is the greatest common divisor of 260 and n?
4
Let g = 977 + -691. Suppose 2*b + 11*b - g = 0. Let z be (-55 - 0/3)*-1. What is the greatest common divisor of b and z?
11
Suppose 89*w - 280 = 49*w. Calculate the highest common divisor of w and 287.
7
Let d be 72 - ((-21)/6)/7*0. Let i = d - 88. Let n(x) = x**2 + 15*x - 10. Let b be n(i). What is the greatest common factor of b and 18?
6
Let i(y) = -3*y - 18. Let m be i(-6). Let u = -385 + 641. Suppose -5*r = -d - u, m = 4*r - 3*d - 137 - 59. Calculate the highest common factor of 13 and r.
13
Let v = 8645 - 8417. Calculate the greatest common factor of 372 and v.
12
Suppose 546*y - 2*l + 4518 = 550*y, -y = 3*l - 1112. What is the greatest common factor of 1648 and y?
103
Suppose 0*i - 2*c = i - 193, -196 = -i + c. Suppose i = 8*s + 35. Let u = 26 - 6. Calculate the highest common factor of s and u.
20
Suppose -u + 40 = 3*u. Suppose 5*y + 564 = 27*y + 25*y. What is the highest common factor of u and y?
2
Let a(l) = -46*l - 96. Let b(h) = -h + 6. Let m(y) = a(y) + 10*b(y). Let p be m(-6). Calculate the greatest common factor of 48 and p.
12
Suppose 12*n + 20557 = 21517. Calculate the greatest common divisor of n and 120.
40
Let d = -175 - -179. Suppose 5*j = -3*s + 3383, -8*s + d*j + 4564 = -4*s. Calculate the highest common divisor of s and 16.
16
Suppose 3*t - 243 = -2*v + 4*t, -4*t = -12. Suppose -2*y = -10, -3*l - 16 = -3*y - 2*y. Calculate the greatest common factor of v and l.
3
Suppose 32*l + 18 = 35*l. Suppose 5*t = 2*t + 9. What is the greatest common factor of l and t?
3
Let l be -37 + 38 + -2 + 66. Let r(y) = -10*y**2 + 5*y - 2. Let p be r(3). Let q be (-2970)/p + (-3)/(-7). Calculate the highest common divisor of l and q.
13
Let m(n) = -n**2 - n. Let u(z) = 9*z + 29. Let c(o) = -m(o) - u(o). Let d be c(-5). Calculate the highest common factor of d and 126.
18
Let r(j) = 56*j**2 - j + 1. Let u be r(2). Let o = u - 214. What is the greatest common divisor of o and 180?
9
Let m(a) = a**2 - 160*a + 2745. Let v be m(18). What is the highest common divisor of v and 108?
27
Let o = 4 - 3. Suppose 27 = -12*y + 363. Let w be 90/30 + (y + -1)*o. Calculate the greatest common divisor of 90 and w.
30
Let t = 95 + 122. Suppose t + 247 = 8*g. Calculate the greatest common factor of g and 29.
29
Let a be (5885/(-11))/5 + 3. Suppose 2*r = n - 172, n - 29 - 123 = -3*r. Let y = n + a. What is the highest common factor of y and 12?
12
Suppose 0 = -2*a + 6146 + 979 + 1905. What is the highest common divisor of 84 and a?
21
Let j = 880 + -858. What is the highest common divisor of j and 55?
11
Suppose 6*s - 818 + 656 = 0. Suppose -3*g + 310 = -5*d + 33, 2*g - 186 = 3*d. Calculate the greatest common factor of g and s.
9
Let l = -2994 + 12245. What is the highest common factor of 87 and l?
29
Suppose -143 - 745 = -6*k. Let q = -76 + k. Suppose -7*v - 5*v + q = 0. What is the greatest co